
Is 39 a factor of 211771162?
False
Is 73 a factor of 1789781661?
True
Is 986463355 a multiple of 21?
False
Does 343 divide 14128170?
True
Does 182 divide 2363365976?
False
Is 309 a factor of 52405344?
False
Does 51 divide 147727483?
False
Is 381874704 a multiple of 1528?
True
Does 92 divide 1608397912?
True
Does 90 divide 124687350?
True
Is 317 a factor of 734032210?
False
Does 5 divide 6715323?
False
Does 16 divide 295839840?
True
Is 6805176 a multiple of 168?
True
Is 8 a factor of 1421319?
False
Does 21 divide 22280105?
False
Does 42 divide 116774322?
True
Does 111 divide 145415772?
True
Does 68 divide 25688020?
True
Is 497 a factor of 7254494793?
True
Does 117 divide 22945221?
True
Does 2798 divide 904131837?
False
Is 2494316840 a multiple of 610?
True
Is 70865851 a multiple of 795?
False
Is 16805490 a multiple of 5?
True
Is 5580106 a multiple of 6?
False
Is 251 a factor of 15838351?
True
Is 12495802 a multiple of 4?
False
Is 3101933035 a multiple of 19?
False
Is 1089 a factor of 21379248?
True
Is 4926355501 a multiple of 3361?
True
Does 164 divide 2287636?
True
Is 182137624 a multiple of 57?
False
Is 138655757 even?
False
Is 137911212 a multiple of 237?
False
Does 318 divide 255363222?
True
Does 272 divide 20140512?
True
Does 9 divide 8372070?
True
Is 3180 a factor of 141092237?
False
Does 562 divide 430434114?
True
Is 6617 a factor of 3857489640?
False
Does 189 divide 595902670?
False
Is 813091665 a multiple of 82?
False
Does 779 divide 5043394256?
False
Does 19 divide 40147175?
False
Is 30872046 a multiple of 2381?
True
Is 428857392 a multiple of 1648?
True
Does 11 divide 533567870?
True
Does 842 divide 32606450?
True
Is 963 a factor of 232910217?
True
Is 35 a factor of 23239035?
False
Is 138854952 a multiple of 1864?
True
Is 902 a factor of 363213752?
True
Is 190 a factor of 342550050?
True
Does 11 divide 21233751?
True
Does 1480 divide 5638401579?
False
Is 278097006 a multiple of 11?
True
Is 28 a factor of 172499936?
True
Does 961 divide 10889579?
False
Is 89553740 a multiple of 590?
True
Is 252 a factor of 21107772?
True
Does 354 divide 28438590?
True
Does 446 divide 633248194?
True
Is 11174128 a multiple of 623?
True
Does 702 divide 256706658?
True
Does 8 divide 52677472?
True
Is 9 a factor of 218345607?
True
Is 460312385 a multiple of 2?
False
Is 113 a factor of 45742184?
False
Does 318 divide 3155908002?
True
Is 86 a factor of 4132816?
True
Does 4055 divide 454599237?
False
Is 40 a factor of 7098252?
False
Does 25 divide 30990532?
False
Is 961603630 a multiple of 10?
True
Does 10 divide 942515140?
True
Does 418 divide 7441630?
False
Is 1653 a factor of 1530949092?
True
Does 57 divide 112043931?
True
Is 907683840 a multiple of 670?
True
Does 36 divide 105415066?
False
Is 22766826 a multiple of 2622?
True
Does 1527 divide 5346027?
True
Is 651610 a multiple of 5?
True
Is 66 a factor of 129353?
False
Is 43935673 a multiple of 156?
False
Is 2232 a factor of 63683424?
True
Is 13 a factor of 1985225863?
False
Does 17 divide 1615251005?
True
Does 8 divide 3600515?
False
Does 63 divide 258458193?
True
Does 19 divide 108501210?
True
Is 47026899 a multiple of 853?
False
Is 4153800 a multiple of 6?
True
Is 296158926 a multiple of 21?
True
Is 200 a factor of 6350145?
False
Is 511 a factor of 719056205?
True
Is 7 a factor of 12745539?
False
Is 697 a factor of 277116048?
True
Does 68 divide 3972660260?
False
Is 2161 a factor of 3381969618?
False
Is 599 a factor of 211968729?
True
Does 43 divide 60048251?
False
Is 2036690802 a multiple of 2150?
False
Is 19 a factor of 692836691?
True
Does 51 divide 490408702?
False
Is 20628717 a multiple of 34?
False
Is 289 a factor of 93785124?
True
Is 23247312 a multiple of 11?
True
Does 20 divide 7756757?
False
Is 596 a factor of 415255517?
False
Is 667795286 a multiple of 5?
False
Does 86 divide 465606150?
True
Is 320054801 a multiple of 17?
True
Is 7 a factor of 5691245?
True
Is 18521314 a multiple of 84?
False
Does 11 divide 1351802228?
False
Does 43 divide 1469089832?
False
Does 1285 divide 74125225?
True
Is 215 a factor of 663014329?
False
Does 921 divide 163025443?
False
Does 10 divide 2445849130?
True
Does 6401 divide 204920107?
False
Does 7 divide 23515688?
True
Is 108472488 a multiple of 712?
True
Is 15006050 a multiple of 29?
True
Is 817 a factor of 30293726?
False
Does 258 divide 24410728?
False
Does 38 divide 1459504?
True
Does 76 divide 677691544?
True
Is 329 a factor of 10752378?
True
Is 13 a factor of 97532253?
True
Does 82 divide 5259480?
True
Does 16 divide 93474350?
False
Does 1611 divide 406433899?
False
Does 59 divide 134226327?
False
Is 4448323 a multiple of 48?
False
Does 4 divide 137265600?
True
Is 229 a factor of 337058356?
False
Is 46 a factor of 83701784?
True
Does 401 divide 3023941?
True
Is 203749896 a multiple of 28?
True
Is 15149020 a multiple of 10?
True
Is 2714570827 a multiple of 2713?
True
Is 141841566 a multiple of 382?
True
Does 93 divide 50610321?
True
Is 590546074 a multiple of 20?
False
Is 7 a factor of 82486362?
True
Does 3787 divide 2083063228?
False
Is 1481253 a multiple of 6?
False
Does 24 divide 97118012?
False
Is 475561802 a multiple of 23?
False
Is 835 a factor of 483483311?
False
Is 1001 a factor of 48551503?
True
Is 345 a factor of 45785282?
False
Is 66112987 a multiple of 105?
False
Is 2416535712 a multiple of 444?
True
Is 6 a factor of 17035038?
True
Is 1268 a factor of 64231808?
True
Is 2192 a factor of 1610729824?
True
Does 2 divide 61932552?
True
Is 170537681 a multiple of 244?
False
Is 371 a factor of 1451284849?
True
Is 16285660 a multiple of 323?
True
Is 2332765440 a multiple of 960?
True
Does 17 divide 238867738?
False
Is 40 a factor of 5888726?
False
Is 192 a factor of 156015168?
True
Does 3716 divide 166488314?
False
Is 8969201 a multiple of 41?
True
Does 31 divide 936452743?
True
Is 50 a factor of 943128900?
True
Does 3 divide 3855562?
False
Is 197 a factor of 232030752?
False
Does 255 divide 257361521?
False
Is 115 a factor of 241541958?
False
Is 62362290 a multiple of 1497?
False
Is 1471453835 a multiple of 32?
False
Is 9196 a factor of 3368660351?
False
Does 2042 divide 2860090544?
True
Does 17 divide 90377450?
False
Is 241 a factor of 83799560?
False
Does 242 divide 21061018?
True
Is 123309302 a multiple of 109?
True
Does 43 divide 440957862?
True
Is 631 a factor of 59599258?
False
Is 71086598 a multiple of 11?
True
Is 52 a factor of 26985847?
False
Does 182 divide 11131221?
False
Is 26 a factor of 42473548?
True
Does 1354 divide 327885370?
False
Is 11 a factor of 214693115?
False
Is 9904626 a multiple of 894?
True
Does 2430 divide 2083231710?
True
Is 46680425 a multiple of 995?
True
Is 13715266 a multiple of 22?
False
Is 3 a factor of 2198771?
False
Is 7280235108 a multiple of 34?
True
Is 82627772 a multiple of 182?
False
Is 183597096 a multiple of 9?
False
Does 14 divide 48220568?
False
Does 18 divide 62570634?
False
Does 23 divide 64550521?
False
Is 76451078 a multiple of 11?
True
Does 1972 divide 553530540?
True
Does 22 divide 34735580?
True
Is 326 a factor of 31955824?
True
Does 11870 divide 80929660?
True
Is 152 a factor of 903248296?
True
Does 204 divide 7291240421?
False
Does 9 divide 7772238?
True
Is 389 a factor of 6170184913?
False
Is 3 a factor of 56152?
False
Does 822 divide 24054066?
False
Is 34737988 a multiple of 15?
False
Does 481 divide 1897999?
False
Is 274212017 a multiple of 4589?
False
Does 1923 divide 1224395253?
True
Is 230 a factor of 58408960?
True
Is 154903989 a multiple of 3390?
False
Is 75415320 a multiple of 9?
True
Does 360 divide 72496198?
False
Is 150560415 a multiple of 1035?
True
Is 1353178944 a multiple of 26?
True
Is 147 a factor of 317342718?
True
Is 65 a factor of 82482010?
True
Does 2034 divide 25654522?
False
Is 170790 a multiple of 80?
False
Does 10 divide 862780110?
True
Is 1255 a factor of 6710872?
False
Is 6 a factor of 14623339?
False
Is 687836821 a multiple of 5?
False
Is 10 a factor of 1637122250?
True
Is 453236140 a multiple of 140?
True
Does 110 divide 233720850?
True
Does 1101 divide 68432655?
True
Does 2598 divide 366156924?
True
Is 36518050 a multiple of 42?
False
Does 1493 divide 10988480?
True
Does 1071 divide 2493457588?
False
Is 12 a factor of 11344671?
False
Does 174 divide 363707211?
